nder when 239452 is divided by 1885.
57
What is the remainder when 6763 is divided by 1878?
1129
Calculate the remainder when 385228 is divided by 385210.
18
Calculate the remainder when 610812410 is divided by 2589.
2585
What is the remainder when 230898 is divided by 5499?
5439
What is the remainder when 2953250 is divided by 60269?
69
What is the remainder when 329784 is divided by 13627?
2736
Calculate the remainder when 5811453 is divided by 336.
333
What is the remainder when 14139170 is divided by 42?
38
What is the remainder when 44488270 is divided by 3348?
46
What is the remainder when 18483168 is divided by 7098?
7074
What is the remainder when 91823495 is divided by 66878?
1
What is the remainder when 5154357 is divided by 659?
318
What is the remainder when 1867194 is divided by 71815?
4
What is the remainder when 382086 is divided by 38?
34
What is the remainder when 9732799 is divided by 35?
34
Calculate the remainder when 30633590 is divided by 603.
587
What is the remainder when 21363639 is divided by 69?
66
What is the remainder when 322262 is divided by 35805?
17
Calculate the remainder when 2905691 is divided by 2103.
1448
What is the remainder when 57863 is divided by 13580?
3543
Calculate the remainder when 1546084 is divided by 193251.
76
Calculate the remainder when 119737 is divided by 119641.
96
What is the remainder when 1604826186 is divided by 5769?
5766
What is the remainder when 59205 is divided by 8397?
426
What is the remainder when 7686585 is divided by 10?
5
What is the remainder when 1024933 is divided by 19336?
125
Calculate the remainder when 4316 is divided by 2865.
1451
Calculate the remainder when 14515911 is divided by 982.
969
What is the remainder when 3904469 is divided by 976115?
9
Calculate the remainder when 716115 is divided by 1009.
734
Calculate the remainder when 22583619 is divided by 43937.
1
What is the remainder when 573022 is divided by 4353?
2779
What is the remainder when 16786285 is divided by 105?
40
Calculate the remainder when 512667118 is divided by 912.
910
What is the remainder when 1465211 is divided by 1432?
275
What is the remainder when 3938971 is divided by 131299?
1
Calculate the remainder when 871419 is divided by 5658.
87
What is the remainder when 854901 is divided by 17675?
6501
Calculate the remainder when 300409691 is divided by 23.
21
Calculate the remainder when 1244893 is divided by 1283.
383
Calculate the remainder when 4055541 is divided by 225307.
15
What is the remainder when 388530 is divided by 64755?
0
Calculate the remainder when 25309271 is divided by 210.
71
What is the remainder when 7798013 is divided by 1866?
1865
Calculate the remainder when 259009 is divided by 64739.
53
What is the remainder when 5899493 is divided by 1179820?
393
Calculate the remainder when 13205267 is divided by 77.
75
Calculate the remainder when 1244620 is divided by 2373.
1168
What is the remainder when 5337568 is divided by 6?
4
Calculate the remainder when 6411415 is divided by 1280.
1175
Calculate the remainder when 8529819 is divided by 619.
618
What is the remainder when 128917 is divided by 25597?
932
What is the remainder when 2176567 is divided by 17?
6
Calculate the remainder when 675327 is divided by 20291.
5724
Calculate the remainder when 25830402 is divided by 2921.
2920
Calculate the remainder when 67204 is divided by 16799.
8
Calculate the remainder when 49550 is divided by 49501.
49
What is the remainder when 891639 is divided by 889?
861
What is the remainder when 34601468 is divided by 1318?
14
What is the remainder when 8179123 is divided by 320?
243
Calculate the remainder when 3897615 is divided by 421.
418
Calculate the remainder when 25167756 is divided by 168.
12
What is the remainder when 850808 is divided by 283594?
26
Calculate the remainder when 6640911 is divided by 4475.
11
What is the remainder when 2304599 is divided by 164613?
17
What is the remainder when 653936 is divided by 1733?
595
What is the remainder when 4828483 is divided by 373?
371
Calculate the remainder when 17582206 is divided by 408887.
65
What is the remainder when 2153406 is divided by 179449?
18
What is the remainder when 2520074 is divided by 1584?
1514
Calculate the remainder when 26335646 is divided by 18.
8
What is the remainder when 190094449 is divided by 287?
286
What is the remainder when 64500459 is divided by 157?
149
Calculate the remainder when 2143628 is divided by 3408.
3404
Calculate the remainder when 502075 is divided by 5567.
1045
What is the remainder when 21778896 is divided by 143?
139
Calculate the remainder when 94649012 is divided by 67.
55
Calculate the remainder when 6416695 is divided by 401043.
7
What is the remainder when 91451520 is divided by 509?
508
Calculate the remainder when 195891 is divided by 1615.
476
What is the remainder when 2736118 is divided by 75?
43
What is the remainder when 58892074 is divided by 19?
16
Calculate the remainder when 34282 is divided by 11269.
475
Calculate the remainder when 2478464 is divided by 170.
34
Calculate the remainder when 5730080 is divided by 96.
32
Calculate the remainder when 6319282 is divided by 789821.
714
What is the remainder when 515348 is divided by 218?
214
Calculate the remainder when 19002673 is divided by 10.
3
What is the remainder when 52737117 is divided by 424?
421
What is the remainder when 978487 is divided by 103?
90
Calculate the remainder when 175050254 is divided by 296.
294
Calculate the remainder when 14101949 is divided by 205.
204
What is the remainder when 252444460 is divided by 66?
4
What is the remainder when 1048418 is divided by 2356?
2354
Calculate the remainder when 1007032 is divided by 12280.
72
What is the remainder when 10390155 is divided by 432922?
27
What is the remainder when 27426534 is divided by 591?
588
What is the remainder when 93385419 is divided by 3112847?
9
Calculate the remainder when 50078784 is divided by 16692925.
9
What is the remainder when 128853521 is divided by 49?
34
What is the remainder when 4922425 is divided by 17580?
25
What is the remainder when 368762 is divided by 3512?
2
Calculate the remainder when 11659994 is divided by 38996.
190
What is the remainder when 264789 is divided by 251?
235
What is the remainder when 5981638 is divided by 1993873?
19
What is the remainder when 101110 is divided by 4469?
2792
Calculate the remainder when 17200291 is divided by 2563.
2561
What is the remainder when 115104991 is divided by 38368327?
10
Calculate the remainder when 2505102 is divided by 487.
461
Calculate the remainder when 1468883 is divided by 158.
115
What is the remainder when 1503712 is divided by 360?
352
What is the remainder when 3168229 is divided by 163?
161
Calculate the remainder when 1129564 is divided by 30455.
2729
Calculate the remainder when 61885430 is divided by 288.
278
Calculate the remainder when 483385 is divided by 22.
1
Calculate the remainder when 68505 is divided by 6211.
184
What is the remainder when 1645192 is divided by 123?
67
Calculate the remainder when 257907148 is divided by 522.
520
What is the remainder when 101837 is divided by 20296?
357
What is the remainder when 23566974 is divided by 32?
30
Calculate the remainder when 1250536 is divided by 4.
0
Calculate the remainder when 152872 is divided by 575.
497
What is the remainder when 9999962 is divided by 12?
2
Calculate the remainder when 7090878 is divided by 1181809.
24
What is the remainder when 851273 is divided by 212123?
2781
What is the remainder when 622954 is divided by 1527?
1465
Calculate the remainder when 641366 is divided by 315.
26
Calculate the remainder when 58158 is divided by 4150.
58
Calculate the remainder when 34167 is divided by 8433.
435
What is the remainder when 183703 is divided by 91781?
141
Calculate the remainder when 292208 is divided by 4760.
1848
What is the remainder when 89073 is divided by 1131?
855
Calculate the remainder when 1205503214 is divided by 2919.
2918
What is the remainder when 1571705 is divided by 28066?
9
What is the remainder when 1104711 is divided by 6818?
195
Calculate the remainder when 5334233 is divided by 5134.
7
What is the remainder when 4680029 is divided by 95?
44
Calculate the 